{"id":5067,"date":"2018-12-18T09:18:03","date_gmt":"2018-12-18T11:18:03","guid":{"rendered":"https:\/\/radiosempre.com.br\/site\/?page_id=5067"},"modified":"2018-12-18T09:19:06","modified_gmt":"2018-12-18T11:19:06","slug":"a-radio","status":"publish","type":"page","link":"https:\/\/radiosempre.com.br\/site\/a-radio\/","title":{"rendered":"A R\u00e1dio"},"content":{"rendered":"<div align=\"justify\">\n<p>\u00a0Desde a sua inaugura\u00e7\u00e3o em 2011 na Cidade Goiatuba GO pelo radialista e direto Paulo Serrano, um dos radialistas mais consagrados do Estado de Goi\u00e1s, l\u00edder absoluto em audi\u00eancia, a R\u00e1dio Sempre AM 830 veio com uma proposta inovadora em sua programa\u00e7\u00e3o, com uma grade de programas e promo\u00e7\u00f5es diferenciadas, e com muita criatividade. E ao longo destes 6 anos de Goiatuba e regi\u00e3o, conseguimos conquistar o primeiro lugar em audi\u00eancia sendo uma R\u00e1dio AM, por conta do profissionalismo de nossa equipe, honestidade e confian\u00e7a.<\/p>\n<p>A R\u00e1dio Sempre que todos conhecem est\u00e1 de visual novo, agora como Sempre FM 102,5. O que j\u00e1 era bom, est\u00e1 melhor ainda. Nossa FM esta com uma nova proposta , com nova pl\u00e1stica, nova grade de programa\u00e7\u00e3o, novas promo\u00e7\u00f5es, novos locutores, e o entusiasmo, carisma e motiva\u00e7\u00e3o de sempre, que vem para contribuir mais ainda com a qualidade de nossa emissora.<br \/>\nHoje chegamos em cerca de 15 munic\u00edpios do estado de Goi\u00e1s e 10 munic\u00edpios do estado de minas gerais, totalizando quase 500 mil habitantes que podem se ligar na gente. Transmitimos toda nossa programa\u00e7\u00e3o por \u00e1udio e v\u00eddeo nas plataformas digitais, aplicativos, sites e redes sociais. Que proporciona para os nossos ouvintes, parceiros e anunciantes mais informa\u00e7\u00e3o, intera\u00e7\u00e3o e visibilidade no mercado.<\/p>\n<p>Este e nosso compromisso, trazer muita informa\u00e7\u00e3o, divers\u00e3o e intera\u00e7\u00e3o com a sociedade, fazendo a diferen\u00e7a no dia a dia de cada um que liga o seu radio diariamente por toda parte.<\/p>\n<\/div>\n<p align=\"justify\">\n","protected":false},"excerpt":{"rendered":"<p>\u00a0Desde a sua inaugura\u00e7\u00e3o em 2011 na Cidade Goiatuba GO pelo radialista e direto Paulo Serrano, um dos radialistas mais consagrados do Estado de Goi\u00e1s, l\u00edder absoluto em audi\u00eancia, a R\u00e1dio Sempre AM 830 veio com uma proposta inovadora em sua programa\u00e7\u00e3o, com uma grade de programas e promo\u00e7\u00f5es diferenciadas, e com muita criatividade. E [&hellip;]<\/p>\n","protected":false},"author":1,"featured_media":0,"parent":0,"menu_order":0,"comment_status":"closed","ping_status":"closed","template":"page-nosidebar.php","meta":{"footnotes":""},"class_list":["post-5067","page","type-page","status-publish","hentry"],"_links":{"self":[{"href":"https:\/\/radiosempre.com.br\/site\/wp-json\/wp\/v2\/pages\/5067","targetHints":{"allow":["GET"]}}],"collection":[{"href":"https:\/\/radiosempre.com.br\/site\/wp-json\/wp\/v2\/pages"}],"about":[{"href":"https:\/\/radiosempre.com.br\/site\/wp-json\/wp\/v2\/types\/page"}],"author":[{"embeddable":true,"href":"https:\/\/radiosempre.com.br\/site\/wp-json\/wp\/v2\/users\/1"}],"replies":[{"embeddable":true,"href":"https:\/\/radiosempre.com.br\/site\/wp-json\/wp\/v2\/comments?post=5067"}],"version-history":[{"count":2,"href":"https:\/\/radiosempre.com.br\/site\/wp-json\/wp\/v2\/pages\/5067\/revisions"}],"predecessor-version":[{"id":5069,"href":"https:\/\/radiosempre.com.br\/site\/wp-json\/wp\/v2\/pages\/5067\/revisions\/5069"}],"wp:attachment":[{"href":"https:\/\/radiosempre.com.br\/site\/wp-json\/wp\/v2\/media?parent=5067"}],"curies":[{"name":"wp","href":"https:\/\/api.w.org\/{rel}","templated":true}]}}